{"id":67,"date":"2015-02-10T23:59:02","date_gmt":"2015-02-10T23:59:02","guid":{"rendered":"http:\/\/www.terramaris.fr\/paysage\/?page_id=67"},"modified":"2018-07-07T05:24:47","modified_gmt":"2018-07-07T05:24:47","slug":"book","status":"publish","type":"page","link":"https:\/\/www.terramaris.fr\/paysage\/book\/","title":{"rendered":"Le Book"},"content":{"rendered":"<p>Le Book \u00e0 consulter en format pdf.<br \/>\nSi vous souhaitez voir plus de projets,<br \/>\ncontacter C\u00e9line Le Tixerant au 06 86 98 75 75<\/p>\n<figure id=\"attachment_344\" aria-describedby=\"caption-attachment-344\" style=\"width: 220px\" class=\"wp-caption alignnone\"><a title=\"LE BOOK\" href=\"http:\/\/www.terramaris.fr\/paysage\/wp-content\/uploads\/2015\/02\/TMP-BOOK-220x300.jpg\" target=\"_blank\" rel=\"noopener\"><img loading=\"lazy\" decoding=\"async\" class=\"wp-image-344 size-medium\" src=\"http:\/\/www.terramaris.fr\/paysage\/wp-content\/uploads\/2015\/02\/TMP-BOOK-220x300-220x300.jpg\" alt=\"\" width=\"220\" height=\"300\" \/><\/a><figcaption id=\"caption-attachment-344\" class=\"wp-caption-text\">Les projets r\u00e9alis\u00e9s par C\u00e9line Le Tixerant<\/figcaption><\/figure>\n<p><span style=\"font-size: 12px; color: #808080;\"><em><a style=\"color: #808080;\" href=\"http:\/\/doc.terramaris.fr\/MLT\/BookCLT.pdf\" target=\"_blank\" rel=\"noopener\">Les projets r\u00e9alis\u00e9s par C\u00e9line Le Tixerant<\/a><\/em><\/span><\/p>\n","protected":false},"excerpt":{"rendered":"<p>Le Book \u00e0 consulter en format pdf. Si vous souhaitez voir plus de projets, contacter C\u00e9line Le Tixerant au 06 86 98 75 75 Les projets r\u00e9alis\u00e9s par C\u00e9line Le Tixerant<\/p>\n","protected":false},"author":1,"featured_media":0,"parent":0,"menu_order":1,"comment_status":"closed","ping_status":"closed","template":"","meta":{"footnotes":""},"class_list":["post-67","page","type-page","status-publish","hentry"],"_links":{"self":[{"href":"https:\/\/www.terramaris.fr\/paysage\/wp-json\/wp\/v2\/pages\/67","targetHints":{"allow":["GET"]}}],"collection":[{"href":"https:\/\/www.terramaris.fr\/paysage\/wp-json\/wp\/v2\/pages"}],"about":[{"href":"https:\/\/www.terramaris.fr\/paysage\/wp-json\/wp\/v2\/types\/page"}],"author":[{"embeddable":true,"href":"https:\/\/www.terramaris.fr\/paysage\/wp-json\/wp\/v2\/users\/1"}],"replies":[{"embeddable":true,"href":"https:\/\/www.terramaris.fr\/paysage\/wp-json\/wp\/v2\/comments?post=67"}],"version-history":[{"count":12,"href":"https:\/\/www.terramaris.fr\/paysage\/wp-json\/wp\/v2\/pages\/67\/revisions"}],"predecessor-version":[{"id":69,"href":"https:\/\/www.terramaris.fr\/paysage\/wp-json\/wp\/v2\/pages\/67\/revisions\/69"}],"wp:attachment":[{"href":"https:\/\/www.terramaris.fr\/paysage\/wp-json\/wp\/v2\/media?parent=67"}],"curies":[{"name":"wp","href":"https:\/\/api.w.org\/{rel}","templated":true}]}}