{"id":393,"date":"2015-07-06T15:20:52","date_gmt":"2015-07-06T15:20:52","guid":{"rendered":"http:\/\/www.terramaris.fr\/paysage\/?page_id=393"},"modified":"2015-07-13T19:55:49","modified_gmt":"2015-07-13T19:55:49","slug":"mentions-legales","status":"publish","type":"page","link":"https:\/\/www.terramaris.fr\/paysage\/mentions-legales\/","title":{"rendered":"Mentions L\u00e9gales"},"content":{"rendered":"<div class=\"copy-paste-block\"><strong><span style=\"font-size: 14px; font-family: arial,helvetica,sans-serif;\">TERRA MARIS<\/span><\/strong><br \/>\n<span style=\"font-size: 14px; font-family: arial,helvetica,sans-serif;\">Place Nicolas Copernic<\/span><br \/>\n<span style=\"font-size: 14px; font-family: arial,helvetica,sans-serif;\"> Hameau des Entreprises<\/span><br \/>\n<span style=\"font-size: 14px; font-family: arial,helvetica,sans-serif;\"> 29280\u00a0Plouzane<\/span><br \/>\n<span style=\"font-size: 14px; font-family: arial,helvetica,sans-serif;\"><span class=\"entete\">T\u00e9l\u00e9phone :<\/span> 06 80 22 84 79<\/span><br \/>\n<span style=\"font-size: 14px; font-family: arial,helvetica,sans-serif;\"> <span class=\"entete\">T\u00e9l\u00e9copie :<\/span> 02 98 49 87 03<\/span><br \/>\n<span style=\"font-size: 14px; font-family: arial,helvetica,sans-serif;\"> <span class=\"entete\">Courriel : <\/span> <a href=\"http:\/\/clic-services-bretagne.fr\/?mode=contact_entreprise&amp;siret=49075099900024\">matthieu.letixerant@terramaris.fr<\/a><\/span><\/p>\n<div>\n<ul class=\"list1\">\n<li><span style=\"font-size: 14px; font-family: arial,helvetica,sans-serif;\">Soci\u00e9t\u00e9 \u00e0 responsabilit\u00e9 limit\u00e9e (sans autre indication) <\/span><\/li>\n<li><span style=\"font-size: 14px; font-family: arial,helvetica,sans-serif;\"><strong>SIRET<\/strong> : 49075099900024,<\/span><\/li>\n<li><span style=\"font-size: 14px; font-family: arial,helvetica,sans-serif;\"><strong>NAF<\/strong> : 7490B &#8211; Activit\u00e9s sp\u00e9cialis\u00e9es, scientifiques et techniques diverses,<\/span><\/li>\n<li><span style=\"font-size: 14px; font-family: arial,helvetica,sans-serif;\">Toutes prestations de service fournies aux acteurs et gestionnaires des espaces c\u00f4tiers et urbains ainsi que ttes \u00e9tudes,<\/span><\/li>\n<li><span style=\"font-size: 14px; font-family: arial,helvetica,sans-serif;\">Responsable de la publication : M Matthieu LE TIXERANT (G\u00e9rant),<\/span><\/li>\n<li><span style=\"font-size: 14px; font-family: arial,helvetica,sans-serif;\">Conception : Jo\u00eblle Mouriaux, <a href=\"http:\/\/www.atelierdemeter.com\">Atelier Demeter<\/a><\/span><\/li>\n<li><span style=\"font-size: 14px; font-family: arial,helvetica,sans-serif;\">H\u00e9bergeur : OVH &#8211; SAS au capital de 10\u00a0059\u00a0500\u00a0\u20ac\u00a0 &#8211; RCS Lille M\u00e9tropole 424 761 419 00045<\/span><br \/>\n<span style=\"font-size: 14px; font-family: arial,helvetica,sans-serif;\"> Si\u00e8ge social : 2 rue Kellermann &#8211; 59100 Roubaix &#8211; France.<\/span><\/li>\n<\/ul>\n<\/div>\n<\/div>\n","protected":false},"excerpt":{"rendered":"<p>TERRA MARIS Place Nicolas Copernic Hameau des Entreprises 29280\u00a0Plouzane T\u00e9l\u00e9phone : 06 80 22 84 79 T\u00e9l\u00e9copie : 02 98 49 87 03 Courriel : matthieu.letixerant@terramaris.fr Soci\u00e9t\u00e9 \u00e0 responsabilit\u00e9 limit\u00e9e (sans autre indication) SIRET : 49075099900024, NAF : 7490B &#8211; Activit\u00e9s sp\u00e9cialis\u00e9es, scientifiques et techniques diverses, Toutes prestations de service fournies aux acteurs et gestionnaires &hellip; <a href=\"https:\/\/www.terramaris.fr\/paysage\/mentions-legales\/\" class=\"more-link\">Continuer la lecture de <span class=\"screen-reader-text\">Mentions L\u00e9gales<\/span>  <span class=\"meta-nav\">&rarr;<\/span><\/a><\/p>\n","protected":false},"author":1,"featured_media":0,"parent":0,"menu_order":0,"comment_status":"closed","ping_status":"closed","template":"","meta":{"footnotes":""},"class_list":["post-393","page","type-page","status-publish","hentry"],"_links":{"self":[{"href":"https:\/\/www.terramaris.fr\/paysage\/wp-json\/wp\/v2\/pages\/393","targetHints":{"allow":["GET"]}}],"collection":[{"href":"https:\/\/www.terramaris.fr\/paysage\/wp-json\/wp\/v2\/pages"}],"about":[{"href":"https:\/\/www.terramaris.fr\/paysage\/wp-json\/wp\/v2\/types\/page"}],"author":[{"embeddable":true,"href":"https:\/\/www.terramaris.fr\/paysage\/wp-json\/wp\/v2\/users\/1"}],"replies":[{"embeddable":true,"href":"https:\/\/www.terramaris.fr\/paysage\/wp-json\/wp\/v2\/comments?post=393"}],"version-history":[{"count":4,"href":"https:\/\/www.terramaris.fr\/paysage\/wp-json\/wp\/v2\/pages\/393\/revisions"}],"predecessor-version":[{"id":397,"href":"https:\/\/www.terramaris.fr\/paysage\/wp-json\/wp\/v2\/pages\/393\/revisions\/397"}],"wp:attachment":[{"href":"https:\/\/www.terramaris.fr\/paysage\/wp-json\/wp\/v2\/media?parent=393"}],"curies":[{"name":"wp","href":"https:\/\/api.w.org\/{rel}","templated":true}]}}